 + 108 = 5*g. What is the hundreds digit of g?
1
Suppose -149398 = -12*p + 95630. What is the tens digit of p?
1
Let h = 223 - 221. What is the units digit of h/(-27) + (-693220)/(-2484)?
9
Let k be (20/(-12) + 1)*6. Let v be (1 + 25/(-10))*(2 + k). Suppose v*r - 25 - 2 = 0. What is the units digit of r?
9
Suppose 0 = 10*x + 31*x + 85129 - 850353. What is the ten thousands digit of x?
1
Let a(x) = 9*x - 62. Let j be a(0). Let w = -47 - j. What is the units digit of w?
5
What is the thousands digit of (-8)/42 + 66230800/840?
8
Suppose 0 = 5*h - 2*g - 10991, -3*h + 5*h - 4*g = 4406. Suppose -5470 = -5*z + 7*t - 2*t, 5*t = 2*z - h. What is the thousands digit of z?
1
Suppose 0*v + 6*v = 4*v. Suppose v = 8*x - 4*x + 56. What is the units digit of (110/5)/((-4)/x + 0)?
7
Suppose 0 = -m + 6*m - 35. Let b be m + (-15)/(-5) - 0. Let k = b - -115. What is the units digit of k?
5
Let s(j) be the second derivative of j**5/4 - j**4/3 - 5*j**3/3 - 14*j**2 - 88*j. What is the tens digit of s(6)?
4
Let g be 46/16 + ((-39)/8 - -5). What is the units digit of ((-2)/g - (-150)/90) + 760?
1
Let l be 10/3*(1 - 19). Let t be 18 - 20 - ((-12)/4 + 0). What is the units digit of l/(-1) + (t - 2)?
9
Suppose -w + 99701 = 5*a, -15*w + 39884 = 2*a - 11*w. What is the tens digit of a?
4
Let z be ((-760)/100)/((-4)/10). Suppose -z = -u + 448. What is the hundreds digit of u?
4
Let z(a) = 2*a**3 - 89*a**2 - a - 925. What is the tens digit of z(45)?
5
Suppose 439*m = 427*m - 24. What is the thousands digit of m + -2885*12/(-30)?
1
Let j(n) = 1065*n**2 - 60*n + 186. What is the tens digit of j(5)?
1
Suppose -7*i + 23297 = -5186. Suppose 13*r - i = 2093. What is the tens digit of r?
7
Let p(r) = r**3 - 6*r**2 + 7*r - 4. Let o be p(5). Suppose 2*t = 5*f + o*t - 2955, 2364 = 4*f + 3*t. What is the hundreds digit of f?
5
Suppose -3*w - 3*o = -21, o + 2 = 5. Suppose w*y - 3*y + t = 6, -3*t = -6. Suppose -m + 439 = 4*l, -3*l - y*m + 325 = m. What is the units digit of l?
0
Let w be (-16)/(-12)*27/12*1. Suppose 1077 + 246 = w*i. What is the hundreds digit of i?
4
Suppose -75*c = -71*c - 96. What is the hundreds digit of (-16288)/(-12)*18/c?
0
Suppose 18*r + 6342 - 25004 = 11*r. What is the thousands digit of r?
2
Let j = -176 + 373. Let o(x) = -370*x - 1. Let z be o(-1). Let p = z - j. What is the units digit of p?
2
Suppose 74*z - 3*s = 71*z + 16632, 4*s - 12 = 0. What is the tens digit of z?
4
Suppose m + 4 = 0, -2*n + 5*m + 34 = 4. Suppose 5*b = 0, n*b - 810 = f - 0*b. What is the units digit of f/(-105)*(-14)/4*-2?
4
Suppose -132*j + 1541577 = 35*j. What is the units digit of j?
1
Suppose -52 = -5*y - 3*i, -3*y = 3*i + 3 - 33. Suppose -f = 4*l - 2*l - y, -5*f + 11 = -l. Suppose -n - f*n = -228. What is the tens digit of n?
5
Let m(j) = j**3 + 4*j**2 - 7*j - 3. Let u be m(-5). Suppose -5*k + o - 171 = -u*k, 4*k - 4*o = 312. What is the units digit of k?
3
Let t(r) = 2*r**2 + 2*r**2 - 164*r - 9 + 173*r. Let z be t(9). Suppose -2*b - 574 = -3*o, -b = 2*o + b - z. What is the tens digit of o?
9
Let j = 62 - 62. Let c = j + 13. Suppose 0 = 6*d - c*d + 476. What is the units digit of d?
8
Suppose -185*a = -1368839 - 3188636. What is the tens digit of a?
3
Let x = 975 + 3280. What is the thousands digit of x?
4
Suppose 0 = 5*j + 4*o - 115, j + 18 - 41 = 2*o. Suppose -7731 = -j*u + 30932. What is the units digit of u?
1
Let i(k) = 214*k**3 + 23*k**2 - 107*k - 6. What is the hundreds digit of i(4)?
6
Let n = 9 - 4. Suppose 0 = -2*k - 3*k - 10, n*c + 54 = 3*k. What is the units digit of (9/(-1))/(c/40 + 0)?
0
Let t(h) be the third derivative of 7*h**5/120 + 3*h**4/8 + 41*h**3/6 + 11*h**2. Let g(u) be the first derivative of t(u). What is the tens digit of g(9)?
7
Let c = 707 + -697. Suppose -c*t + 11104 = 6*t. What is the units digit of t?
4
Suppose 1826 = 193*s - 191*s. Let c = s + -536. What is the tens digit of c?
7
Let o = 19 + -9. Suppose 0 = 25*s - 26*s + o. What is the units digit of (-1 - 5/s)/(1/(-26))?
9
Let a(f) = -f**2 + 2*f + 26. Let x be a(7). Let y be (32/(-24))/(12/x). Let k(h) = 34*h**3 + 2*h**2 + h - 1. What is the tens digit of k(y)?
3
Let r(k) = k**2 + 2*k - 78. Let m be r(-18). What is the units digit of m/(-1)*(-189)/54?
5
What is the units digit of -10 - (-11)/(121/98230)?
0
Let l be -9 + 3/(6 - 5). What is the tens digit of -6 + 28 - l/(-2)?
1
Let b = -657 - -662. What is the units digit of b + 1035 - (-3)/(-6)*-6?
3
Let h(p) = 19*p + 69. Let z be h(-9). Let v = -80 - z. What is the tens digit of v?
2
Let i(l) be the first derivative of -4*l + 16 - 13/2*l**2 - 3*l**3 - 1/2*l**4. What is the units digit of i(-6)?
2
What is the units digit of (11 - -2) + (29 - -2029)?
1
Suppose -715*r + 694*r = -109557. What is the thousands digit of r?
5
Suppose -m + 5*l = -3801 - 1615, 5*m = 5*l + 27000. What is the tens digit of m?
9
Let j(l) = 4*l**2 + 16*l - 1504. What is the units digit of j(44)?
4
Suppose 5*j - 5*a = 10, 2*j - 14 - 8 = -4*a. Suppose -28 = -5*p - 0*p - 3*n, 0 = -p + j*n. What is the units digit of p?
5
Suppose 4*w + d = 489, 5*w - 5372*d - 612 = -5373*d. What is the units digit of w?
3
Let v(w) = -173*w - 48. Let o be 0 + -1 - ((-198)/(-11) + -13). What is the units digit of v(o)?
0
Let r be 18/4*(-1 + 15/9). Suppose r*q - 246 = q. What is the tens digit of q?
2
Suppose -2*b = -4*p + 526 + 1434, 3*b + 12 = 0. Let q = p - 138. What is the tens digit of q?
5
What is the hundreds digit of (37754 - -3) + 126 + -150?
7
Suppose 16 = 145*s - 141*s. What is the units digit of 490/s*(55 - 51)?
0
Suppose -37620 = 7*u - 4839. What is the hundreds digit of 1 + (u + 3)/(-9)?
5
Let a be (115/10)/(1/2). Let d = a + -35. What is the tens digit of 294/4 + 18/d?
7
Let b be (-6)/4 - 27/(-6). Suppose 0 = -4*g - 3*o - 7, -o - 9 = b*g - 0*o. What is the units digit of 158/5 - (g + 108/30)?
2
What is the hundreds digit of (-87 - -18040) + 21/6*(1 + 1)?
9
Let z(x) = 40*x + 76. Let g be z(31). Let c = g - 879. What is the hundreds digit of c?
4
Suppose q = 277 + 138. Suppose -i + 2*h = -q, -i + 3*h = 87 - 499. What is the tens digit of i?
2
Suppose 21*c - 88 = -c. Suppose 0 = 3*r + i - 229, 3*r - r = c*i + 148. What is the units digit of r?
6
Suppose n = 197 + 321. Suppose 5*q + 145 = -h - 1162, 2*q - 2*h + n = 0. Let m = -172 - q. What is the tens digit of m?
8
Let t be (1 - 5)/((-70)/8645). Let d = -271 + t. What is the hundreds digit of d?
2
Let x(o) = -5*o - 31. Let k be x(-7). Let f be (1 + 404/k)/2. Suppose 3*a - 44 = v, -4*a + 2*a + f = -5*v. What is the tens digit of a?
1
Let q = 56 - 22. Suppose 2*d - 302 = q. Let l = d - 16. What is the tens digit of l?
5
Suppose 2*i + 3*s - 121724 = 0, 14*i - 95*s - 852028 = -96*s. What is the thousands digit of i?
0
Let n = 8584 - 3609. What is the thousands digit of n?
4
Suppose 4*o + 4*z = -0*z + 308, 0 = -3*o - 4*z + 236. Suppose o - 24 = -6*q. What is the tens digit of (-183)/(-6) - (20/q)/5?
3
Let x be (-340)/(-14) - 24/84. Suppose -9384 = x*k - 41*k. What is the units digit of k?
2
Let r(v) = 59*v + 27. Let j be r(-3). What is the tens digit of (39 + 1 + -2)*j/(-25)?
2
Suppose -51*f = -50*f - 9. Suppose 3*p = 6*p + 2*v - f, -5*v + 5 = 4*p. Suppose 0*s = -p*s - g + 187, -2*s + 64 = 4*g. What is the tens digit of s?
3
What is the hundreds digit of (-2424)/(-303) + 5433 + -1?
4
Let u = 16207 - 10717. What is the units digit of u?
0
Let q(h) = -134*h + 24. Let t be q(18). What is the tens digit of (-1 - 1)/((120/t)/5)?
9
Suppose 0 = 4*s - 4*v - 12528, -3*s + 13*v = 17*v - 9403. What is the hundreds digit of s?
1
Let t = 141042 + -84232. What is the ten thousands digit of t?
5
Let i(k) = k**2 + k + 2. Let x be i(5). Let d be ((-390)/(-12))/1 + (-42)/28. Suppose -d*v = -x*v + 75. What is the units digit of v?
5
Let h be -3 - -45*(-4 + 5). Let i = 146 + h. What is the hundreds digit of i?
1
Suppose 0 = -l + c - 1434, l - 3*c - 5715 = 5*l. Let i = -861 - l. What is the units digit of i?
0
What is the units digit of ((-792597)/65)/(25/(-125))?
9
Suppose -340*p + 1292936 = -311*p. What is the tens digit of p?
8
Suppose 4*b - 12204 = 4*u - 7*u, -3*b = -3*u - 9132. Suppose 12*g - 20*g = -b. What is the tens digit of g?
8
Let s = -46726 + 69584. What is the hundreds digit of s?
8
Suppose -2*b + 16 = w, 5*w = -3*b + 4*w + 22. Suppose 5*t + 20 